+ 1. Give g(h).
8
Let v(p) be the second derivative of -p**3/6 + 3*p**2 - 7*p. Calculate v(6).
0
Suppose -21 = -0*m - 4*m - 3*k, 0 = 3*m - 3*k. Let a(r) = r**2 - 4*r**2 - 5 + 5*r - 8*r + r**m. Let n be a(4). Let h(z) = 4*z**3 - z**2 - z - 1. Determine h(n).
-5
Suppose 0 = 4*d - 0*t - t + 11, 2*t = -d - 5. Let j(c) = 3*c - 3. Give j(d).
-12
Let o(h) = -10 + 4 - 104*h + 105*h. What is o(9)?
3
Let r(p) = -2*p + 4*p + 0*p - p + 11. Calculate r(-5).
6
Let y be (4 - 4 - 2) + 3 + -5. Let t(z) = 2*z + 2. What is t(y)?
-6
Let m(o) = -o**3 - 4*o**2 + 2. Let h = -57 - -87. Suppose 5*g - 5*p = -h, -2*g + 27 - 11 = 5*p. Let v = -5 - g. Determine m(v).
-7
Let k(j) = 6*j + 13. Let b(v) = -3*v - 7. Let m(s) = -7*b(s) - 3*k(s). Determine m(-7).
-11
Suppose -4*z - 12 + 0 = 0. Let t(r) = 5*r**3 + 2*r**2 - 3. Let d(y) = -6*y**3 - 3*y**2 - y + 4. Let n(g) = z*t(g) - 2*d(g). Determine n(-1).
2
Let k(p) = -p**2 + p + 3. Let v = 5 + -2. Suppose -v*o = -5*x + 2*o + 35, 5*x + 5 = -5*o. Determine k(x).
-3
Suppose -7*o = -3*o - 4. Let k(g) be the third derivative of 0 + 0*g + 0*g**5 + 1/120*g**6 + 0*g**4 - 2*g**2 - 1/6*g**3. What is k(o)?
0
Let t(w) = 5 - 4 - 6 + w. Give t(0).
-5
Let j(g) = g**3 + 6*g**2 - g - 5. Let c = 32 - 10. Suppose -5*a = c + 8. Determine j(a).
1
Let u(m) be the first derivative of -m**3/3 + 2*m + 9. Calculate u(-3).
-7
Let z(t) = -t**2 + 5. Suppose -4*r = -0*r + 2*r. Calculate z(r).
5
Let l(g) = g - 10. Let z be l(8). Let f(p) = p**3 + 4*p**2 + 2*p - 2. Give f(z).
2
Let p(i) = i**3 + i**2 - i + 13. Let j = 40 + -40. What is p(j)?
13
Let p(t) = 2*t + 3. Let r(n) = -n - 1. Let x(s) = p(s) + 4*r(s). Determine x(-3).
5
Suppose -23*t + 3 = 95. Let c(z) be the third derivative of -z**6/120 - z**5/15 + z**4/24 - 5*z**3/6 + z**2. What is c(t)?
-9
Let o be (27/36)/((-3)/(-2)). Let u(i) be the second derivative of -i + o*i**2 + 0 + 1/6*i**3. What is u(-4)?
-3
Suppose 3*h - 14 + 4 = -2*x, -x + 5 = 4*h. Let i(d) = -d - 5. Determine i(x).
-10
Suppose 2*z = -3*n + 3, -3*z - 5 = -7*n + 2*n. Let y(u) = 7 - u**2 + 0*u + z*u - 9 - 4*u. What is y(-4)?
-2
Let u(a) = a**3 + a**2 - 2*a + 1. Let m(i) = 4*i - 3*i + i**2 - 4*i - 3. Let k be m(4). Suppose f = -0 + k. Give u(f).
1
Let j(d) = d**3 + 5*d**2 - 5*d - 3. Let c be j(-6). Let u = 15 + c. Let q(m) be the second derivative of m**4/12 - m**3 - m**2 + 2*m. What is q(u)?
-2
Suppose 4*y - 9 = -3*f, -3*f + 19 = -y - 8*f. Let w be y*1/8*-4. Let z(i) = -i**3 - 5*i**2 - 2*i + 3. Determine z(w).
-9
Suppose 5*s + 2 = 12. Suppose 2 = -s*l - 4. Let i(g) = -g**2 - 2*g. Let m be i(l). Let r(v) = -v**2 - 2*v + 3. What is r(m)?
0
Let n be (-80)/(-30)*(-3)/(-2). Let z = 27 + -7. Suppose -n*i - z = i. Let j(h) = h**3 + 5*h**2 + 3*h - 2. Calculate j(i).
2
Let b(d) be the first derivative of -5*d**2/2 + 3*d - 3. Let t(a) = -26*a + 16. Let s(m) = -16*b(m) + 3*t(m). Calculate s(3).
6
Suppose 36 = 6*w - 9*w. Let x = w + 12. Let p(s) = s**3 + s - 6. Give p(x).
-6
Let u be (0 - -2)/(2/2). Let v(h) = -5*h - h**2 + u*h + 0 + 4 + 0*h**2. Determine v(-4).
0
Let o(r) = 7*r**2 + 10*r + 5. Let l(i) = i**2 + i + 1. Let h(y) = -6*l(y) + o(y). Let z = 6 + -6. Suppose -2*g + z*g - 6 = 0. Determine h(g).
-4
Let w(h) = -5*h + 8*h - 9 + 6. Calculate w(3).
6
Let z be (-3)/(-4) + (-6)/8. Let c(i) = -i + 4. Determine c(z).
4
Let v(y) = -3*y**2 - 1 + 7 - y + y**3 - 5. Determine v(3).
-2
Let o = 9 - 12. Let u(b) = b**2 - b. Determine u(o).
12
Let k(c) = -4*c - 6. Let y = 6 + -10. What is k(y)?
10
Let z(r) = 2*r**2 + 3*r + 3. Let a(p) = -7*p**2 - 8*p - 8. Let h = 4 - 15. Let b(d) = h*z(d) - 4*a(d). Give b(-1).
6
Let l(j) = j - 3 - 1 + 1. Let a = 95 - 90. Calculate l(a).
2
Suppose -2*b + 5*b = 12. Let r(c) = c. Determine r(b).
4
Let t(z) = z**3 - 2*z**2 - z - 4. Let h(r) = -r**3 - 5*r**2 - 5*r - 1. Let a be h(-4). Give t(a).
2
Let f(s) = s**3 + 6*s**2 + 3*s - 6. Let a(i) be the third derivative of -i**6/120 + i**5/5 - 5*i**4/12 - 8*i**3/3 + 3*i**2. Let w be a(11). Give f(w).
4
Let a(c) = c - 2. Let x = 3 - 0. Suppose x*q + 2*q = 0. Suppose -5*z + 19 + 6 = q. Calculate a(z).
3
Let t(h) be the second derivative of -1/6*h**3 + 1/24*h**4 + 0 + 3*h - 1/60*h**5 + 3/2*h**2. Let z(x) be the first derivative of t(x). What is z(2)?
-3
Suppose -6 = -4*r - 2*u, 30 = 5*r + u - 3*u. Let n(o) = 2*o - r*o - 1 + o + 6*o**3. Calculate n(-1).
-6
Let p(k) = k**3 + 6*k**2 + k + 1. Suppose -y = -4*y - 18. Determine p(y).
-5
Let b(m) be the second derivative of -m**3/6 + 5*m**2/2 + m. Let i(f) = -7*f + 1. Let q be i(1). Let a = -2 - q. Calculate b(a).
1
Let r(p) = p**2 + 3. Let u(l) = 2*l**2 + 4. Let g(h) = -5*r(h) + 4*u(h). Determine g(1).
4
Suppose -2*w = -2*f + 10, 5*f - 23 = f + 5*w. Let r(b) = 0 - f*b - 3 + 1. Determine r(-5).
8
Let o(x) = -x + 1. Let w(n) = n - 9. Let c(f) = -2*o(f) - w(f). Let l be c(-3). Let v(m) = 3*m + m**2 - 5*m - 5 - m**3 + l*m**2. Determine v(4).
3
Let u(w) be the second derivative of 0 - 2*w + 1/2*w**2 - 1/6*w**3. Let s be (3 - (1 - -1)) + -6. Give u(s).
6
Let l be 1*1/3*0. Let w(u) = -4*u**2 + l*u - 4*u**2 - 1 - u. Determine w(-1).
-8
Let a(c) = 3*c**2 - 3*c - 2. Let m be 1 - 2/3*-3. Let k(j) = m*j - 2*j + 0 + 1 + j**2. Let z(y) = a(y) - 2*k(y). What is z(5)?
-4
Let q(l) = -13*l**2 + 32*l + 32. Let p(j) = 5*j**2 - 11*j - 11. Let o(w) = 8*p(w) + 3*q(w). What is o(-6)?
-4
Let x(m) = 2*m**3 - 1. Suppose 4*b - 7 = -5*i, -3*i + 4*b - 2*b = 9. What is x(i)?
-3
Let n be (1/1)/((-6)/(-30)). Suppose -1 + 5 = 2*y. Let x(q) = q**2 + n*q**2 + 0*q**y. Calculate x(1).
6
Let j be -1 - (1 + -4 + -3). Let y(p) = -4 + j*p - p + 2*p - 4*p. Calculate y(5).
6
Let w(t) be the first derivative of 7*t**2/2 - t + 64. Give w(-1).
-8
Let q(b) = b**3 - 3*b**2 - 5*b + 5. Let i be -2*1*1 - -9. Let d = i - 3. Determine q(d).
1
Suppose -d + 4*d = -3. Let m be d/(2*3/30). Let h(a) be the second derivative of a**5/20 + 5*a**4/12 + 3*a**2/2 + 2*a. Determine h(m).
3
Let g(x) be the second derivative of -x**4/12 + x**3 + 9*x. Determine g(5).
5
Let a(s) be the third derivative of -s**4/12 + 2*s**3/3 + 4*s**2. Determine a(7).
-10
Let y be (-44)/(-10) - 2/5. Suppose -k - x + 8 = 0, 0 = 4*k - 2*x - 2 - 12. Let n(i) = i + 3 + k - 5. What is n(y)?
7
Let n(u) = 5*u. Let a(h) be the second derivative of -h**4/12 + h**3/2 + 3*h**2/2 + 2*h. Let p be a(4). Determine n(p).
-5
Let x(c) = c + 3. Let p(l) = 5*l + 8. Let q(i) = -i + 1. Let z(f) = p(f) + 4*q(f). Let s be z(-7). Let j be 3/(-15)*-4*s. Calculate x(j).
7
Let b(j) = -j - 1. Let s be -5*3/(4 + -1). Let g(a) = a + 7. Let m be g(s). Let h be b(m). Let i(q) = -3*q - 2. Calculate i(h).
7
Suppose 3*h = -3*a + 24, a = 5*h - 16 - 54. Let t(r) = h*r**2 - r + 3*r - 3*r**2 - 4*r + 1. What is t(1)?
9
Let a(m) = m**2 - 2*m - 2. Let z(c) = c**2 - 3*c - 6. Let d be z(5). Calculate a(d).
6
Suppose -2*a + 8 = -2. Suppose 0 = -a*b - 5. Let h(j) be the second derivative of 3*j**3/2 + 3*j. Give h(b).
-9
Let u(r) = -r - 2. Suppose f = -5*g - 2*f + 25, -2*g = 5*f + 9. Give u(g).
-10
Let w(g) = -g**2 - 2*g - 2. Let b be (-1)/((4 + -3)/2). Determine w(b).
-2
Let t(g) = g**2 - 8*g + 10. Let w be t(7). Suppose -5*p = -7*p. Suppose -3*f - w*l + 0 + 9 = p, 3*f + 4*l = 11. Let j(k) = 4*k**3 + k**2. Determine j(f).
5
Let b(o) = -20*o**2 + 3*o + 3 + 50*o**2 - 28*o**2 + o**3. Calculate b(-3).
-15
Let a(o) = 3*o**2 + o - 1. Let g(n) = 2*n + 4. Let x be g(-3). Calculate a(x).
9
Let d(t) be the first derivative of -3*t**2/2 + 5. Give d(-5).
15
Suppose 6*o + 24 = 2*o. Let k = -12 - o. Let m(z) = -z**3 - 6*z**2 - 2. Determine m(k).
-2
Let y(b) = -5*b + 9. Let i(k) = 12*k - 17. Let a(w) = 2*i(w) + 5*y(w). Calculate a(8).
3
Let w(u) = -6 + 10*u - 16*u + 0*u**2 + u**2. What is w(7)?
1
Let b(t) be the second derivative of -t**5/20 - 2*t**4/3 - 5*t**3/6 + 5*t**2 - 19*t. Calculate b(-7).
-4
Suppose -3*p + 2*p + 8 = 4*f, 5*p = -20. Let t(c) = c - 6. Give t(f).
-3
Let o be (6/8)/((-11)/(-44)). Let n(c) = -c**3 + 3*c**2 + 1. Calculate n(o).
1
Let t = -11 - -15. Suppose -f + t*f = 0. Let x(c) = -5 + 5*c**2 - 2*c**2 - 2*c**2. Give x(f).
-5
Let v(q) = -3*q + 3. Suppose 0*p + 28 = 4*p. Suppose -3*l = -p*l - 16. Let h(r) = r**3 + 5*r**2 + 2*r - 4. Let s be h(l). Calculate v(s).
-9
Let l be (6/2)/3*3. Let u(h) = 3*h - 2*h + l + 2. Suppose 0 = -2*o - 4 - 4. What is u(o)?
1
Let q(l) be the 